*o + 1580, 0 = -4*r - 5*o + 1592. What is the units digit of r?
3
What is the units digit of 2 + (-1872)/(-5) - ((-216)/60 - -4)?
6
Let a = 13929 + -5429. What is the hundreds digit of a?
5
Let w(l) = -l**2 + 10*l + 24. Let o be w(8). Suppose o*d = 36*d + 2820. What is the units digit of d?
5
Let w(z) = -230*z**3 + 9*z**2 + 12*z - 8. What is the thousands digit of w(-3)?
6
Let i(l) = 75*l + 139. Let m(a) = -4*a - 1. Let p(v) = i(v) + 5*m(v). What is the hundreds digit of p(4)?
3
Suppose -2*a - 3*m = -5, -a + 2*m + 10 = a. Suppose 3*w = -4*v + 29, -a*v = 4 - 0. Let f(c) = -c**3 + 14*c**2 - 8*c - 19. What is the units digit of f(w)?
6
Suppose -11 = -6*b + 97. Suppose 0 = -4*c + 10*c - b. Suppose -3*g + 60 = -7*o + 3*o, -c*g - o + 45 = 0. What is the tens digit of g?
1
Let p be (36/(-21))/(8/(-3108)*1). Suppose 21*a - 3252 = -5*o + 22*a, o + 5*a - p = 0. What is the hundreds digit of o?
6
Suppose 18749 = 3*o + 5*p, -o - p = -3*o + 12482. What is the thousands digit of o?
6
Let s = 111829 - 63579. What is the tens digit of s?
5
Let u(b) = -6*b. Let s be u(1). Let x be (2/s)/(16/(-96)). Suppose 2*o - 4*o - x*y + 120 = 0, 188 = 3*o + y. What is the units digit of o?
4
Suppose -4*q + 61120 = n, 142*q = 6*n + 141*q - 366820. What is the thousands digit of n?
1
Suppose 5*n - 218 = -u, -39 = -n + 2*u + 9. Suppose n*s - 42*s - 546 = 0. What is the hundreds digit of s?
2
Let b(r) = -7*r + 15. Suppose 3*p = -5*m + 3 - 28, 0 = -p. Let u be b(m). Suppose -2*s = 2*y - u, s = 6*s + 20. What is the tens digit of y?
2
Suppose 2*t - 6*t + 208 = 0. Let i be -3*29/(t/16 - 4). Suppose -z - u - u + 74 = 0, i = 2*z - 4*u. What is the units digit of z?
6
Let k = -3449 - -5194. What is the hundreds digit of k?
7
Let t = -764 + 40. Let k = -633 - t. What is the units digit of k?
1
Let k = -118 - -120. Suppose -g - 5*o = -118, k*o - 457 = -4*g - 3*o. What is the units digit of g?
3
What is the thousands digit of (-623)/356 + 92919/4?
3
Let d(f) = 54*f**2 - 2*f + 17. Let j = -39 - -42. What is the units digit of d(j)?
7
Let z be (-5)/(-25) - (-359)/5. What is the hundreds digit of (10 + -4)*4020/z?
3
Let s(p) = 63*p + 39. Let x be s(10). Suppose x = 13*q - 2737. What is the units digit of q?
2
Suppose 131*c - 136*c = -30, -2*s = 2*c - 11472. What is the hundreds digit of s?
7
Let p = 164 - 158. Suppose 4*x = p*x - 342. What is the hundreds digit of x?
1
Let i(c) = 69*c**2 - 2*c - 1. Let g(v) = 5*v + 36. Let h(f) = -f - 7. Let w(s) = -2*g(s) - 11*h(s). Let y be w(-6). What is the units digit of i(y)?
0
Let h(u) = 8*u**2 + 28*u + 31. Let b be h(-7). Let o = b + 773. What is the hundreds digit of o?
0
Let c(d) = d**3 - 13*d**2 - 31*d + 20. Let i = -11 + 26. Let m be c(i). Let b(o) = o**3 + o**2 - 9*o + 12. What is the hundreds digit of b(m)?
1
Let v = 3731 - 1867. Let b = v - -26. What is the hundreds digit of b?
8
Let o = 19526 - 13196. Suppose -5*x - 25*x = -o. What is the hundreds digit of x?
2
Suppose 10 + 14 = 3*j. Suppose 0 = -4*r - j + 44. Let f(u) = u**2 + u + 23. What is the hundreds digit of f(r)?
1
Let r = -25 - -29. Suppose -5*m = r*t - 1347, 4*m = 3*t - 8*t + 1074. Suppose u = -6 + m. What is the tens digit of u?
6
Suppose -4*g + 7715 = -11089. What is the hundreds digit of 1/(-5 + -1 + g/783)?
2
Let u be 2*18/8 - (-20)/(-40). Suppose -n = -4, 3*n - 12 = z + u*z. Suppose z = -2*y - 9 + 41. What is the tens digit of y?
1
Let p = 371 + -628. Let b = p - -465. Let g = 358 - b. What is the tens digit of g?
5
Let i(g) = -g**2 + 29*g - 76. Let f be i(3). Suppose -f*u - 858 = -2100. What is the hundreds digit of u?
6
Suppose 0 = -21*c + 5*c + 32. Suppose -4*k + 2*k - c*u = -2224, -4453 = -4*k + u. What is the hundreds digit of k?
1
Let b(w) = -w**3 - 5*w**2 + 25*w - 7. Let c be b(-14). Suppose -2*m + c = -333. What is the hundreds digit of m?
8
Let o(d) = -46*d - 83. Let h(m) = 46*m + 82. Let b(p) = -6*h(p) - 5*o(p). What is the tens digit of b(-4)?
0
Let d be (64/20)/(-2 + 44/20). Suppose 13*w = d*w + 6. What is the tens digit of w*(44/(-8) + -4)?
1
Let b(k) = -2*k**2 + 16*k + 1. Let h be b(7). Suppose 13*a - h*a = -482. What is the tens digit of a?
4
Let n(q) = -q**2 - 43*q - 45. Let g be n(-19). Let y = 119 + g. What is the units digit of y?
0
Suppose 62*i + 829763 = 206*i + 240803. What is the tens digit of i?
9
Suppose -17132 = -2*v + 2*x, 855*x = -2*v + 858*x + 17137. What is the units digit of v?
1
Let b = 90816 - 44120. What is the hundreds digit of b?
6
Suppose -5*f - 2 = 8, -1106 = -3*u - 5*f. What is the hundreds digit of 5 + (1 - 2)*7 + u?
3
What is the hundreds digit of ((-14462)/(-35))/((-2)/(-55))?
3
Let l(f) = 134*f + 1. Let x(n) = 268*n + 3. Let y(k) = -11*l(k) + 6*x(k). Let o be y(3). Let j = o - 210. What is the hundreds digit of j?
1
Suppose 3*i + 2 = 5. What is the units digit of i/(-4) + ((-724)/(-16) - -3)?
8
Let c(d) = 3*d**3 - 13*d - 15*d**2 - 37 - 3*d**3 + d**3. Let f be c(16). Suppose -f = -h + 88. What is the tens digit of h?
9
Let s(i) = -8*i**3 - 19*i**2 + 28*i - 43. What is the units digit of s(-15)?
2
Let i(g) = 208*g + 4. Let s be i(-2). Let n = 643 - s. What is the tens digit of n?
5
Let t(n) = 161*n**2 + 343*n + 6. What is the tens digit of t(-15)?
8
Suppose -3*f + 4448 = 5*d, 4*f - f - 4493 = 4*d. Suppose q = w + f, 3*q + 4*w - 1263 = 3224. What is the units digit of q?
3
Let z = 227 + -89. Let l = -97 + z. Suppose 0 = -l*w + 43*w - 406. What is the tens digit of w?
0
What is the hundreds digit of 14/((-1330)/(-1185847)) + (-4)/(-10)?
4
Let b(w) be the second derivative of w**4/12 + w**3 + 10*w**2 - w + 2. What is the hundreds digit of b(15)?
3
Let a = -2358 + 2564. What is the units digit of a?
6
Let a = -102563 + 150005. What is the hundreds digit of a?
4
Let o(d) = -2*d**3 + 21*d**2 - 11*d + 5. Let w be o(10). What is the tens digit of 7/35*w*-1107?
0
Let z = 167 + -163. Suppose 0 = 11*w - z*w - 301. What is the tens digit of w?
4
Let f(l) = 1063*l + 33. What is the thousands digit of f(5)?
5
Let l be (-240)/(-72) + (-5)/(-3) + 205. Suppose 2*r + 4*j = -59 - 119, 0 = -5*r - 4*j - 427. Let h = r + l. What is the tens digit of h?
2
Let r = -63 + 63. Let h(y) = y**3 + 2*y + 3. Let w be h(r). Suppose 0 = -w*n - 5*z + 121, -1 = -2*z - 3. What is the units digit of n?
2
Let m(n) = -53*n + 84. Let z be m(9). Let i = z - -738. What is the units digit of i?
5
Let o(i) = -3*i + 1. Let q be o(-4). Suppose 424 = -4*w - z, 5*w - 5*z + 98 = -457. Let m = q - w. What is the hundreds digit of m?
1
Suppose 13*r - 58498 = -3*r - 6*r. What is the units digit of r?
9
What is the units digit of 88666/12 + -9 + (-196)/(-24)?
8
Suppose -3*l + 161 = -4*h, 5*h + 5 = 4*h. Suppose 24804 = -11*c + l*c. What is the units digit of c?
9
Let a(m) = 326*m**2 + m + 1. Let b be a(-1). Suppose 3*g - 475 = -q, -2*g + b = -4*q - 0*q. Let i = -13 + g. What is the tens digit of i?
4
Suppose -224840 = -5*m - 0*m - 4*d, 2*m - 89913 = 3*d. What is the thousands digit of m?
4
Let g = 35655 + -23833. What is the ten thousands digit of g?
1
Suppose 14*h - 6*h = 12840. Suppose 51*n = 46*n + h. What is the units digit of n?
1
Let d be (-3)/15 - (-2199)/(-5). Let x = 1257 + d. What is the units digit of x?
7
Let f be (-3)/(-6) + 3 + 100/(-8). Let d(g) = -23*g - 66. What is the tens digit of d(f)?
4
Let i = 15483 - 10799. What is the tens digit of i?
8
Let y(b) = 896*b**2 - 3*b + 2. What is the tens digit of y(-4)?
5
Let b be (-2)/(-5)*(-1)/((-2)/(-30)). Let t be b/12*(-2064 - -2). Suppose -8*u = -161 - t. What is the tens digit of u?
4
Let x(q) = q**3 - 4*q**2 + 7*q - 10. Let v be x(3). Suppose v*o + 39 + 67 = 0. Let y = o + 55. What is the units digit of y?
2
What is the hundreds digit of ((-2894)/(-8))/((-42)/(-504))?
3
Let f(c) = -7*c - 23. Let u(t) = -5*t - 8. Let b be u(-2). Suppose 0 = 3*v - 5*m + 40, -5*m + 6 = -b*m. What is the tens digit of f(v)?
4
Suppose 4*v + 56 = -40. What is the units digit of ((5 - -186)*-1)/(3/v)?
8
Let o = 46 + -14. Let v be (-1)/(-3 + o/12). Suppose -2*x - 3*x = v*s - 122, s - 40 = -x. What is the tens digit of s?
3
Let a = -31 + 59. Let g be a/6 - (-14)/42. Suppose -500 = -g*d + 55. What is the tens digit of d?
1
Let p = 3626 - 3151. What is the hundreds digit of p?
4
Let y(i) = 1101*i + 38. Let n be y(1). Suppose 5*l = 106 + n. What is th